. Suppose -37 = -d - 3*r, o = -d + 5*r - 2*r + 31. List the prime factors of d.
2, 17
Suppose -2*l + 3*q - 4 = 0, -5*q + 16 = -4*l + 3*l. Suppose -p = -f + 3*p + 10, -l*f + 10 = -p. What are the prime factors of ((-18)/4)/(f/(-4))?
3
Suppose -5*d = -0*d. Suppose 0 = -4*o + 2*c + 2*c + 40, d = 2*o - 3*c - 20. What are the prime factors of o?
2, 5
Suppose 4*q - 109 = -2*y + 3*q, -104 = -2*y + 4*q. List the prime factors of y.
2, 3
Let n(u) = u**3 + 6*u**2 + 3*u - 4. Let l(o) = -o**3 - 8*o**2 + 9*o - 6. Let x be l(-9). Let z be x/1 + (-6)/(-3). What are the prime factors of n(z)?
2
Let q(u) be the first derivative of u**3/3 + 4*u**2 + 7*u - 3. Let a be q(-5). Let f(c) = -c**2 - 11*c - 12. List the prime factors of f(a).
2, 3
Let h = -208 + 373. What are the prime factors of h?
3, 5, 11
Suppose z = -z + 4. Suppose 30 = b + z*b. What are the prime factors of (b + 1)/(0 + 1)?
11
Suppose 0 = -5*g, -2*g = -s + 3*s - 148. What are the prime factors of s?
2, 37
Let d(g) = g - 2. Let n be 10/25 - 56/(-10). List the prime factors of d(n).
2
Let k = -3 - -5. Let a(o) be the third derivative of o**4/4 - o**3/3 - o**2. What are the prime factors of a(k)?
2, 5
Suppose -3*h + 0*h = -72. What are the prime factors of h?
2, 3
Let l(s) = -s - 3. Let m be l(-5). Suppose -m*v + 6 = -0*v. Suppose g + v*g + 8 = y, 3*y - 34 = 2*g. List the prime factors of y.
2, 3
Suppose 0 = 2*b - 2*i - 64, 2*b - 2*i - 100 = -b. Let n be (-3)/((-1)/b*-2). List the prime factors of 2/(-3*3/n).
2, 3
Let u(l) = l**3 - 11*l**2 + 9*l + 11. Let z be u(10). Suppose -t + 12 = z. List the prime factors of t.
11
Let s = 304 + -215. What are the prime factors of s?
89
Suppose 20 = -3*i - 25. What are the prime factors of (i/(-5))/(3/14)?
2, 7
Let b = -55 - -68. List the prime factors of b.
13
What are the prime factors of 10/(406/(-82) + 1 + 4)?
5, 41
Let z(u) = u. Let b be z(1). Let i be 2/1 + b*-1. Let p = 4 + i. List the prime factors of p.
5
Suppose 15 = z + 4*z. List the prime factors of z.
3
Suppose -4*m + 30 - 2 = 0. Let u = -2 + m. List the prime factors of u.
5
Let b(u) = 3*u**2 - 4*u + 3. Let s be b(2). Suppose -s = j - 35. What are the prime factors of j?
2, 7
Let n be (3 - -1) + -1 + -3. Suppose -2*s + 14 + 32 = n. What are the prime factors of s?
23
Let j = 82 - 12. Suppose 4*q - 60 = -5*n, 0 = 5*q + n - j + 16. List the prime factors of q.
2, 5
Suppose 0 = -0*t + 2*t. Suppose t = 4*q - q - 33. Suppose 9 = 5*l - q. List the prime factors of l.
2
Suppose 5*r - 291 = -3*n + 11, 4*r = -3*n + 244. Suppose g + 23 = t, 4*g = -2*t - 0*t + r. Let c = t - 18. What are the prime factors of c?
7
Let z(i) = i - 3. Let j be z(5). Suppose -11 = -j*y + 73. Let r = y - 29. What are the prime factors of r?
13
Let x(c) = c + 14. What are the prime factors of x(-3)?
11
Let v(u) = u**2 - 9*u - 23. Let r be v(11). What are the prime factors of 25 - 6*r/(-3)?
23
Suppose -2*r + 3 = -4*q - 23, -16 = 3*r + 5*q. What are the prime factors of 8*r - (2 - 1)?
23
Suppose 0 = 7*m + 16 - 408. List the prime factors of m.
2, 7
Let u(l) = -6*l + 132. List the prime factors of u(0).
2, 3, 11
Let f = 12 - -29. Suppose 12 - f = -h. List the prime factors of h.
29
Let c = -3 - -8. Suppose c*d - 15 = 5*l, 0*d - 13 = -5*d + 3*l. What are the prime factors of d?
2
Suppose -4*m = 3*f - 0*f + 7, -3*f - 8 = 5*m. What are the prime factors of -3 + 1 + f - -15?
2, 3
Suppose -3*d = 3*q, -7*d + 3*d - 15 = -q. Suppose 0 = 4*o + q*s - 23, 5*s + 20 = -o + 47. List the prime factors of o.
2
Suppose s + 12 = 5*s, 4*c = 3*s + 123. Let h be c + (-6)/(-3) - -1. Suppose 5*l = l + h. List the prime factors of l.
3
Let x = -229 + 426. What are the prime factors of x?
197
Let m(s) = 3*s - 3*s - 2*s. What are the prime factors of m(-1)?
2
Suppose 0 = 2*f + 57 - 223. Let o = 117 - f. Let c = o - 23. What are the prime factors of c?
11
Suppose 5 = 5*c + 35. Let v = c - -7. What are the prime factors of v/(12/(-15) + 1)?
5
Let a(n) = 3*n**2 + 7*n + 4. Let d be a(-4). Suppose -19*r + d*r = 175. What are the prime factors of r?
5, 7
Suppose -3*g - 1410 = 2*g. What are the prime factors of (-4)/6 + g/(-18)?
3, 5
Suppose 5*q = -k + 1, 5*k - q - 10 = 21. Suppose -10 = 4*f - k*f. Suppose f - 14 = -a. What are the prime factors of a?
3
Let a be ((-14)/(-1))/(7/14). Let w = a + -14. Suppose -w = -c - 4. What are the prime factors of c?
2, 5
Suppose -2*t + 112 = -90. List the prime factors of t.
101
Let r(x) = -x**2 - 4*x - 8. Let v be r(-8). List the prime factors of (21/(-12))/(2/v).
5, 7
Suppose t - 2*y - 223 = 0, -y = 2*t - 406 - 50. What are the prime factors of t?
227
Suppose -2*g + 134 = 4*i, -6*g = -g - 2*i - 347. List the prime factors of g.
3, 23
Let g(x) = -x**3 + 9*x**2 + 14*x + 6. List the prime factors of g(10).
2, 23
Let s(w) = w**3 - 10*w**2 + 8*w - 11. What are the prime factors of s(10)?
3, 23
List the prime factors of (-1)/(-1 + (-88)/(-92)).
23
Let a = 10 + 0. List the prime factors of a.
2, 5
Let q be 1 + 1 - (0 + 8). Let v(x) = x**2 - 6*x - 6. Let o be v(7). Let n = o - q. List the prime factors of n.
7
Let p(o) = o**2 - 4. Let y be 54/(-8)*(-16)/(-6). Let u be (-4)/y + 114/(-27). What are the prime factors of p(u)?
2, 3
Let k = -5 - -9. Let v be 161/4 - 1/k. Suppose -3*p - p = -v. List the prime factors of p.
2, 5
Suppose -5*v + 45 = -10. What are the prime factors of v?
11
Let k(s) = 3*s**2 - 5*s + 2. List the prime factors of k(-4).
2, 5, 7
Suppose -2*n - 16 = 2*n. Let z be n/12 - 50/(-6). Suppose -2*k + 5*g + 4 = z, -2*k + g + 4 = 0. List the prime factors of k.
3
Let n = 13 - 19. Let v = -4 - n. Suppose -v*k + k + 14 = 0. What are the prime factors of k?
2, 7
Let f = 2 - -11. Let i = f + -8. List the prime factors of i.
5
Suppose -3*q - 5 = -2*q, 4*q = -5*z + 180. Suppose -l - 5*d - z = -4*l, -3*l = -4*d - 41. What are the prime factors of l?
3, 5
Let j(c) = -c**2 + 6*c + 23. List the prime factors of j(8).
7
Let d = -26 - -67. What are the prime factors of d?
41
Suppose o = -2*w - 18, 5*o + 45 = -2*w + 7*w. Let z = -6 - o. What are the prime factors of z?
2, 3
Let u(z) be the third derivative of z**4/4 - 5*z**3/3 + z**2. Let w(i) = 5*i - 10. Let m(q) = 6*u(q) - 7*w(q). List the prime factors of m(0).
2, 5
Let y = 1 - -33. List the prime factors of y.
2, 17
Suppose -8*r - 3 = -5*r. List the prime factors of r/(-2)*(54 - 2).
2, 13
Let s = 220 - 142. List the prime factors of s.
2, 3, 13
What are the prime factors of (0 - (-2 - -67))/(-1)?
5, 13
Let n(x) = x. Let c be n(2). Suppose 0 = 2*p + 3*s + 10, 4*p + c*s - 4 + 16 = 0. Let t(g) = -g**3 - g**2 - g - 2. What are the prime factors of t(p)?
2
Suppose -151 = -4*n + 65. What are the prime factors of n?
2, 3
Let g(k) = 2*k - 5. Suppose 6*t - t - 20 = 0. Let f be g(t). Suppose -9 + 0 = -f*b. List the prime factors of b.
3
What are the prime factors of (14/3)/(10/75)?
5, 7
Suppose -v = 4*v. Suppose -5*r + 0*r + 30 = v. What are the prime factors of r?
2, 3
Let f = -11 - -22. Suppose w = -f - 1. List the prime factors of w*1/(9/(-6)).
2
Let r(g) = 10*g. What are the prime factors of r(4)?
2, 5
Let k = 34 - 9. List the prime factors of k.
5
Suppose -5*k + q + 68 = 0, 48 = k + 2*k + 3*q. Suppose p - k - 13 = -5*b, -5*p - 2*b = -89. List the prime factors of p.
17
Suppose 2*p = -3*p - 5, -3*s - 2*p - 2 = 0. Suppose -4 = -s*z - z. Suppose 30 = z*t - t. List the prime factors of t.
2, 5
Let v be 6/9 - (-2)/6. Let z(o) = 8*o - 1. What are the prime factors of z(v)?
7
Let b = 12 - 4. Let n = b - -18. Suppose 4*r - p - n = 0, -3*r + 2*p + 28 = r. List the prime factors of r.
2, 3
Let h = 131 + -76. Suppose 2*n + 3*n - h = 0. What are the prime factors of n?
11
Suppose 0 = t - 3*x - 260, -5*t - 5*x = -121 - 1079. What are the prime factors of t?
5, 7
Suppose 2*w + 109 = 813. What are the prime factors of w?
2, 11
Let k = 82 + -15. Suppose -s = 3*t - 0*s - k, 0 = -s - 2. List the prime factors of t.
23
Let a(q) = q - 6. Let r(d) = d - 5. Let n(v) = -4*a(v) + 5*r(v). Let m be 1/(2/(-6))*-2. List the prime factors of n(m).
5
Let d be 3 + (0 + 2 - 3). Suppose 0 = -d*g - 8, -5*g + 29 = 5*b - 1. List the prime factors of b.
2, 5
List the prime factors of (3*1)/((-15)/(-95)).
19
Let j(c) = 2*c**3 - 3*c**2 - c. List the prime factors of j(4).
2, 19
Suppose b - 16 - 16 = 0. What are the prime fa